{"id":1353,"date":"2021-08-18T13:28:41","date_gmt":"2021-08-18T13:28:41","guid":{"rendered":"https:\/\/oblo-demo.bslthemes.com\/?page_id=1353"},"modified":"2024-12-22T00:49:49","modified_gmt":"2024-12-21T23:49:49","slug":"home-grid-fully-slider","status":"publish","type":"page","link":"https:\/\/annekesleven.com\/","title":{"rendered":"Home"},"content":{"rendered":"\t\t<div data-elementor-type=\"wp-page\" data-elementor-id=\"1353\" class=\"elementor elementor-1353\">\n\t\t\t\t\t\t<section class=\"elementor-section elementor-top-section elementor-element elementor-element-471b73c elementor-section-full_width elementor-section-height-default elementor-section-height-default\" data-id=\"471b73c\" data-element_type=\"section\">\n\t\t\t\t\t\t<div class=\"elementor-container elementor-column-gap-no\">\n\t\t\t\t\t<div class=\"elementor-column elementor-col-100 elementor-top-column elementor-element elementor-element-cdde315\" data-id=\"cdde315\" data-element_type=\"column\">\n\t\t\t<div class=\"elementor-widget-wrap elementor-element-populated\">\n\t\t\t\t\t\t<div class=\"elementor-element elementor-element-3f01076 elementor-widget elementor-widget-oblo-hero-slider-carousel\" data-id=\"3f01076\" data-element_type=\"widget\" data-widget_type=\"oblo-hero-slider-carousel.default\">\n\t\t\t\t<div class=\"elementor-widget-container\">\n\t\t\t\t\t\n\t\t\t\t<!-- Section Works Carousel -->\n\t\t<div class=\"section m-works-carousel fully\">\n\t\t\t<div class=\"swiper-container\" data-mousewheel=\"true\">\n\t\t\t\t<div class=\"swiper-wrapper\">\n\t\t\t\t\t\t\t\t\t\t<!-- slide -->\n\t\t\t\t\t<div class=\"swiper-slide\">\n\n\t\t\t\t\t\t<!-- works slide -->\n\t\t\t\t\t\t<div class=\"works-slide\">\n\t\t\t\t\t\t\t<a href=\"https:\/\/annekesleven.com\/index.php\/portfolio\/item\/top-dance\/\">\n\t\t\t\t\t\t\t\t\t\t\t\t\t\t\t\t<span class=\"image\">\n\t\t\t\t\t\t\t\t\t<span class=\"img\">\n\t\t\t\t\t\t\t\t\t\t<span class=\"slide\" style=\"background-image: url(https:\/\/annekesleven.com\/wp-content\/uploads\/2024\/12\/Projet_topdance-900x900.jpg);\"><\/span>\n\t\t\t\t\t\t\t\t\t<\/span>\n\t\t\t\t\t\t\t\t<\/span>\n\t\t\t\t\t\t\t\t\t\t\t\t\t\t\t\t\t\t\t\t\t\t\t\t<span class=\"desc\">\n\t\t\t\t\t\t\t\t\t<span class=\"subname splitting-text-anim-1\" data-splitting=\"chars\">\n\t\t\t\t\t\t\t\t\t\t<span >\n\t\t\t\t\t\t\t\t\t\t\tDiner spectacle\t\t\t\t\t\t\t\t\t\t<\/span>\n\t\t\t\t\t\t\t\t\t<\/span>\n\t\t\t\t\t\t\t\t\t<span class=\"name splitting-text-anim-1\" data-splitting=\"chars\">\n\t\t\t\t\t\t\t\t\t\t<span >\n\t\t\t\t\t\t\t\t\t\t\tTop dance\t\t\t\t\t\t\t\t\t\t<\/span>\n\t\t\t\t\t\t\t\t\t<\/span>\n\t\t\t\t\t\t\t\t<\/span>\n\t\t\t\t\t\t\t\t\t\t\t\t\t\t\t<\/a>\n\t\t\t\t\t\t<\/div>\n\n\t\t\t\t\t<\/div>\n\n\t\t\t\t\t\t\t\t\t\t<!-- slide -->\n\t\t\t\t\t<div class=\"swiper-slide\">\n\n\t\t\t\t\t\t<!-- works slide -->\n\t\t\t\t\t\t<div class=\"works-slide\">\n\t\t\t\t\t\t\t<a href=\"https:\/\/annekesleven.com\/index.php\/portfolio\/item\/edith\/\">\n\t\t\t\t\t\t\t\t\t\t\t\t\t\t\t\t<span class=\"image\">\n\t\t\t\t\t\t\t\t\t<span class=\"img\">\n\t\t\t\t\t\t\t\t\t\t<span class=\"slide\" style=\"background-image: url(https:\/\/annekesleven.com\/wp-content\/uploads\/2024\/03\/Projet_edith-1-900x900.jpeg);\"><\/span>\n\t\t\t\t\t\t\t\t\t<\/span>\n\t\t\t\t\t\t\t\t<\/span>\n\t\t\t\t\t\t\t\t\t\t\t\t\t\t\t\t\t\t\t\t\t\t\t\t<span class=\"desc\">\n\t\t\t\t\t\t\t\t\t<span class=\"subname splitting-text-anim-1\" data-splitting=\"chars\">\n\t\t\t\t\t\t\t\t\t\t<span >\n\t\t\t\t\t\t\t\t\t\t\tTh\u00e9\u00e2tre musical\t\t\t\t\t\t\t\t\t\t<\/span>\n\t\t\t\t\t\t\t\t\t<\/span>\n\t\t\t\t\t\t\t\t\t<span class=\"name splitting-text-anim-1\" data-splitting=\"chars\">\n\t\t\t\t\t\t\t\t\t\t<span >\n\t\t\t\t\t\t\t\t\t\t\tEdith &amp; Simone\t\t\t\t\t\t\t\t\t\t<\/span>\n\t\t\t\t\t\t\t\t\t<\/span>\n\t\t\t\t\t\t\t\t<\/span>\n\t\t\t\t\t\t\t\t\t\t\t\t\t\t\t<\/a>\n\t\t\t\t\t\t<\/div>\n\n\t\t\t\t\t<\/div>\n\n\t\t\t\t\t\t\t\t\t\t<!-- slide -->\n\t\t\t\t\t<div class=\"swiper-slide\">\n\n\t\t\t\t\t\t<!-- works slide -->\n\t\t\t\t\t\t<div class=\"works-slide\">\n\t\t\t\t\t\t\t<a href=\"https:\/\/annekesleven.com\/index.php\/portfolio\/item\/la-vie-parisienne\">\n\t\t\t\t\t\t\t\t\t\t\t\t\t\t\t\t<span class=\"image\">\n\t\t\t\t\t\t\t\t\t<span class=\"img\">\n\t\t\t\t\t\t\t\t\t\t<span class=\"slide\" style=\"background-image: url(https:\/\/annekesleven.com\/wp-content\/uploads\/2024\/03\/Projet_vie-900x900.jpg);\"><\/span>\n\t\t\t\t\t\t\t\t\t<\/span>\n\t\t\t\t\t\t\t\t<\/span>\n\t\t\t\t\t\t\t\t\t\t\t\t\t\t\t\t\t\t\t\t\t\t\t\t<span class=\"desc\">\n\t\t\t\t\t\t\t\t\t<span class=\"subname splitting-text-anim-1\" data-splitting=\"chars\">\n\t\t\t\t\t\t\t\t\t\t<span >\n\t\t\t\t\t\t\t\t\t\t\tOp\u00e9rette\t\t\t\t\t\t\t\t\t\t<\/span>\n\t\t\t\t\t\t\t\t\t<\/span>\n\t\t\t\t\t\t\t\t\t<span class=\"name splitting-text-anim-1\" data-splitting=\"chars\">\n\t\t\t\t\t\t\t\t\t\t<span >\n\t\t\t\t\t\t\t\t\t\t\tLa vie parisienne\t\t\t\t\t\t\t\t\t\t<\/span>\n\t\t\t\t\t\t\t\t\t<\/span>\n\t\t\t\t\t\t\t\t<\/span>\n\t\t\t\t\t\t\t\t\t\t\t\t\t\t\t<\/a>\n\t\t\t\t\t\t<\/div>\n\n\t\t\t\t\t<\/div>\n\n\t\t\t\t\t\t\t\t\t\t<!-- slide -->\n\t\t\t\t\t<div class=\"swiper-slide\">\n\n\t\t\t\t\t\t<!-- works slide -->\n\t\t\t\t\t\t<div class=\"works-slide\">\n\t\t\t\t\t\t\t<a href=\"https:\/\/annekesleven.com\/index.php\/portfolio\/item\/red-and-black\/\">\n\t\t\t\t\t\t\t\t\t\t\t\t\t\t\t\t<span class=\"image\">\n\t\t\t\t\t\t\t\t\t<span class=\"img\">\n\t\t\t\t\t\t\t\t\t\t<span class=\"slide\" style=\"background-image: url(https:\/\/annekesleven.com\/wp-content\/uploads\/2024\/03\/Projet_red-1-900x600.jpg);\"><\/span>\n\t\t\t\t\t\t\t\t\t<\/span>\n\t\t\t\t\t\t\t\t<\/span>\n\t\t\t\t\t\t\t\t\t\t\t\t\t\t\t\t\t\t\t\t\t\t\t\t<span class=\"desc\">\n\t\t\t\t\t\t\t\t\t<span class=\"subname splitting-text-anim-1\" data-splitting=\"chars\">\n\t\t\t\t\t\t\t\t\t\t<span >\n\t\t\t\t\t\t\t\t\t\t\tConcert\t\t\t\t\t\t\t\t\t\t<\/span>\n\t\t\t\t\t\t\t\t\t<\/span>\n\t\t\t\t\t\t\t\t\t<span class=\"name splitting-text-anim-1\" data-splitting=\"chars\">\n\t\t\t\t\t\t\t\t\t\t<span >\n\t\t\t\t\t\t\t\t\t\t\tRed &amp; Black\t\t\t\t\t\t\t\t\t\t<\/span>\n\t\t\t\t\t\t\t\t\t<\/span>\n\t\t\t\t\t\t\t\t<\/span>\n\t\t\t\t\t\t\t\t\t\t\t\t\t\t\t<\/a>\n\t\t\t\t\t\t<\/div>\n\n\t\t\t\t\t<\/div>\n\n\t\t\t\t\t\t\t\t\t\t<!-- slide -->\n\t\t\t\t\t<div class=\"swiper-slide\">\n\n\t\t\t\t\t\t<!-- works slide -->\n\t\t\t\t\t\t<div class=\"works-slide\">\n\t\t\t\t\t\t\t<a href=\"https:\/\/annekesleven.com\/index.php\/portfolio\/item\/songe-nuit\">\n\t\t\t\t\t\t\t\t\t\t\t\t\t\t\t\t<span class=\"image\">\n\t\t\t\t\t\t\t\t\t<span class=\"img\">\n\t\t\t\t\t\t\t\t\t\t<span class=\"slide\" style=\"background-image: url(https:\/\/annekesleven.com\/wp-content\/uploads\/2024\/03\/Projet_songe-1-900x900.jpg);\"><\/span>\n\t\t\t\t\t\t\t\t\t<\/span>\n\t\t\t\t\t\t\t\t<\/span>\n\t\t\t\t\t\t\t\t\t\t\t\t\t\t\t\t\t\t\t\t\t\t\t\t<span class=\"desc\">\n\t\t\t\t\t\t\t\t\t<span class=\"subname splitting-text-anim-1\" data-splitting=\"chars\">\n\t\t\t\t\t\t\t\t\t\t<span >\n\t\t\t\t\t\t\t\t\t\t\tTh\u00e9\u00e2tre\t\t\t\t\t\t\t\t\t\t<\/span>\n\t\t\t\t\t\t\t\t\t<\/span>\n\t\t\t\t\t\t\t\t\t<span class=\"name splitting-text-anim-1\" data-splitting=\"chars\">\n\t\t\t\t\t\t\t\t\t\t<span >\n\t\t\t\t\t\t\t\t\t\t\tLe Songe d'une nuit d'\u00e9t\u00e9\t\t\t\t\t\t\t\t\t\t<\/span>\n\t\t\t\t\t\t\t\t\t<\/span>\n\t\t\t\t\t\t\t\t<\/span>\n\t\t\t\t\t\t\t\t\t\t\t\t\t\t\t<\/a>\n\t\t\t\t\t\t<\/div>\n\n\t\t\t\t\t<\/div>\n\n\t\t\t\t\t\t\t\t\t\t<!-- slide -->\n\t\t\t\t\t<div class=\"swiper-slide\">\n\n\t\t\t\t\t\t<!-- works slide -->\n\t\t\t\t\t\t<div class=\"works-slide\">\n\t\t\t\t\t\t\t<a href=\"https:\/\/annekesleven.com\/index.php\/portfolio\/item\/moliere\">\n\t\t\t\t\t\t\t\t\t\t\t\t\t\t\t\t<span class=\"image\">\n\t\t\t\t\t\t\t\t\t<span class=\"img\">\n\t\t\t\t\t\t\t\t\t\t<span class=\"slide\" style=\"background-image: url(https:\/\/annekesleven.com\/wp-content\/uploads\/2024\/03\/Projet_moliere-1-900x900.jpg);\"><\/span>\n\t\t\t\t\t\t\t\t\t<\/span>\n\t\t\t\t\t\t\t\t<\/span>\n\t\t\t\t\t\t\t\t\t\t\t\t\t\t\t\t\t\t\t\t\t\t\t\t<span class=\"desc\">\n\t\t\t\t\t\t\t\t\t<span class=\"subname splitting-text-anim-1\" data-splitting=\"chars\">\n\t\t\t\t\t\t\t\t\t\t<span >\n\t\t\t\t\t\t\t\t\t\t\tCom\u00e9die musicale\t\t\t\t\t\t\t\t\t\t<\/span>\n\t\t\t\t\t\t\t\t\t<\/span>\n\t\t\t\t\t\t\t\t\t<span class=\"name splitting-text-anim-1\" data-splitting=\"chars\">\n\t\t\t\t\t\t\t\t\t\t<span >\n\t\t\t\t\t\t\t\t\t\t\tSi Moli\u00e8re m\u2019\u00e9tait chant\u00e9\t\t\t\t\t\t\t\t\t\t<\/span>\n\t\t\t\t\t\t\t\t\t<\/span>\n\t\t\t\t\t\t\t\t<\/span>\n\t\t\t\t\t\t\t\t\t\t\t\t\t\t\t<\/a>\n\t\t\t\t\t\t<\/div>\n\n\t\t\t\t\t<\/div>\n\n\t\t\t\t\t\n\t\t\t\t<\/div>\n\t\t\t\t<div class=\"swiper-pagination\"><\/div>\n\t\t\t<\/div>\n\t\t<\/div>\n\t\t\n\t\t\t\t\t\t<\/div>\n\t\t\t\t<\/div>\n\t\t\t\t\t<\/div>\n\t\t<\/div>\n\t\t\t\t\t<\/div>\n\t\t<\/section>\n\t\t\t\t<\/div>\n\t\t","protected":false},"excerpt":{"rendered":"<p>Diner spectacle Top dance Th\u00e9\u00e2tre musical Edith &amp; Simone Op\u00e9rette La vie parisienne Concert Red &amp; Black Th\u00e9\u00e2tre Le Songe d&#8217;une nuit d&#8217;\u00e9t\u00e9 Com\u00e9die musicale Si Moli\u00e8re m\u2019\u00e9tait chant\u00e9<\/p>\n","protected":false},"author":1,"featured_media":0,"parent":0,"menu_order":0,"comment_status":"closed","ping_status":"closed","template":"template-layout-builder.php","meta":{"_themeisle_gutenberg_block_has_review":false,"footnotes":""},"class_list":["post-1353","page","type-page","status-publish","hentry"],"acf":[],"_links":{"self":[{"href":"https:\/\/annekesleven.com\/index.php\/wp-json\/wp\/v2\/pages\/1353","targetHints":{"allow":["GET"]}}],"collection":[{"href":"https:\/\/annekesleven.com\/index.php\/wp-json\/wp\/v2\/pages"}],"about":[{"href":"https:\/\/annekesleven.com\/index.php\/wp-json\/wp\/v2\/types\/page"}],"author":[{"embeddable":true,"href":"https:\/\/annekesleven.com\/index.php\/wp-json\/wp\/v2\/users\/1"}],"replies":[{"embeddable":true,"href":"https:\/\/annekesleven.com\/index.php\/wp-json\/wp\/v2\/comments?post=1353"}],"version-history":[{"count":34,"href":"https:\/\/annekesleven.com\/index.php\/wp-json\/wp\/v2\/pages\/1353\/revisions"}],"predecessor-version":[{"id":2785,"href":"https:\/\/annekesleven.com\/index.php\/wp-json\/wp\/v2\/pages\/1353\/revisions\/2785"}],"wp:attachment":[{"href":"https:\/\/annekesleven.com\/index.php\/wp-json\/wp\/v2\/media?parent=1353"}],"curies":[{"name":"wp","href":"https:\/\/api.w.org\/{rel}","templated":true}]}}